87. Let b = v - 21. Is b a composite number?
False
Let a(w) = -7*w**3 - 7*w + 8*w**3 - 4*w**3 - 9 - 9*w**2 + 0*w. Is a(-8) a composite number?
True
Suppose 4*i + 32 = 5*d - d, 3*d - 5*i - 18 = 0. Suppose -d*h + 1939 = 498. Is h prime?
True
Suppose z - 6584 + 962 = 0. Suppose -i = 5*i - z. Is i a prime number?
True
Suppose 30 + 18 = 4*z. Let n = -9 + z. Suppose -n*w + 524 = w. Is w prime?
True
Let m(d) = -13*d + 1. Let o(s) = -13*s. Let v(g) = 4*m(g) - 5*o(g). Is v(5) a prime number?
False
Suppose 72*u - 60*u - 62340 = 0. Is u a prime number?
False
Suppose 4*h + 2*n - 6618 = 0, 4*h + 5*n - 6297 = 306. Is h a composite number?
False
Let z = -98 - -275. Is z a prime number?
False
Let t be 7/4 - 3/(-12). Suppose -t*i + 24 = u, -2*u + 1 = -3. Is i prime?
True
Suppose 4*i - 420 - 17990 = 2*o, 4*i + 2*o = 18398. Is i a composite number?
True
Let d(t) = 5*t**2 + 138*t - 544. Is d(67) a composite number?
False
Suppose -4*u + u + 18 = 0. Let y = -3 + u. Suppose -2*m + 194 = -4*p + 592, y*m = -2*p + 179. Is p a prime number?
True
Suppose k + 2692 = -5*y, k + 3951 = -4*y + 1264. Is (2/6)/((-7)/k) a prime number?
True
Suppose 0 = -4*z + 7*z - 6. Suppose -2*i = z*i - 1028. Suppose 200 + i = h. Is h composite?
False
Let n(c) = 4*c - 1. Let b be n(1). Let y(m) = m**2 - 4*m - 1. Let q be y(b). Is (1/(-3))/(q/276) a composite number?
False
Suppose 7*r + 0*r = -175. Let x = 31 + r. Is x a composite number?
True
Let v(m) = 103*m + 29. Let t be v(10). Is -4*(-2)/24*t composite?
False
Suppose -3*j + 5*h - 45 = 0, 4*h + 1 = -j + 3. Let u(b) = b**2 - 13*b - 7. Is u(j) composite?
False
Let a = -60 - -72. Suppose -8*p - a = -1508. Is p composite?
True
Let h(z) = 5*z**3 + 2*z**2 + z + 3. Let k be h(3). Is (2 - 1)/(3/k) prime?
True
Let t(a) be the first derivative of 93*a**2/2 - a - 1. Suppose -10*p - 2*p = -24. Is t(p) a prime number?
False
Let r(s) = -s**3 + 4*s**2 - 23*s + 51. Is r(-13) composite?
True
Let k be ((-1296)/20)/((-3)/130). Suppose -2*x - 680 = -2*y + 714, 4*y - k = -x. Is y a composite number?
False
Let r(i) = 197*i**2 + 25*i + 7. Is r(10) composite?
True
Let p(r) = 28*r + 11. Suppose 0 = 8*c - 10*c + 4. Suppose -2*o + 2*q + 32 = 0, 3*o + 3*q - 52 = c*q. Is p(o) a prime number?
True
Let t = -674 + 1597. Let x = t - 480. Is x prime?
True
Suppose 3*h - 30 = 54. Suppose -4*t - 13 = -3*t - d, 0 = 4*t + 2*d + h. Is t/(-3) - (-231 - 3) prime?
False
Suppose -6*x + 8*x = 4. Suppose -2*i + 499 = x*h - 175, -h = -5*i + 1673. Is i a composite number?
True
Let k = -42 + 17. Let x = 80 + k. Is x a prime number?
False
Suppose -2935 = -d - 2*t, -t + 9703 = 3*d + 888. Is d composite?
False
Let u(v) = 44*v**2 + 3*v - 50. Is u(-11) prime?
False
Let m(s) = -47*s - 3. Let p(i) = -i - 16. Let o be p(-16). Suppose -u = -3*w + 5, 0 = -o*u - 2*u + 4*w - 8. Is m(u) a prime number?
False
Suppose 22*q - 31*q + 6057 = 0. Is q prime?
True
Let d be (27/(-9))/((-1)/15). Let t = -65 + d. Is (-2)/5 + (-208)/t prime?
False
Is 64264 + 11 + (-20)/5 a prime number?
True
Suppose 0*j - j + 1049 = 4*y, 0 = -2*j + 4*y + 2086. Suppose -207 = -q - 2*v, q - 6*q + j = 5*v. Is q a composite number?
False
Let t = -1 + -1. Let d be 0 - 2 - 3*t. Is 8/4 + (d - -79) a prime number?
False
Let y(z) = z + 2. Let x be y(8). Suppose 0 = 2*s - 0*t - 5*t - 2, 2*s + x = -t. Is ((-149)/s)/(1/4) composite?
False
Suppose -20*w + 7934 = -18*w. Is w composite?
False
Let t(g) = 173*g**2 - 4*g - 10. Let h(d) = -d - 11. Let y be h(-8). Is t(y) a prime number?
True
Let i(f) = 186*f**2 + 37*f - 314. Is i(13) composite?
False
Let i(v) = v**2 - 23*v + 7. Let l(n) = -n**2 + 45*n - 14. Let f(z) = 5*i(z) + 2*l(z). Is f(15) composite?
False
Let o(t) = t**3 + 13*t**2 + t + 17. Let q be o(-13). Is 2503*(2/(-3))/(q/(-6)) composite?
False
Suppose -8331 = -10*z + 23499. Let o = -1102 + z. Is o prime?
True
Let u be 5/25 + 22994/(-5)*-1. Suppose -5*h = -4*w + u, -2*w - 4*h + 3457 = w. Is w a composite number?
False
Suppose -2*q + 2168 = 2*k, 4*q + 0*k - 4337 = -3*k. Suppose -5*j - 3*r = -5624, 5*r - q - 53 = -j. Is j composite?
False
Let q = -611 + 1338. Is q composite?
False
Suppose 2 = -2*p - 10. Let i = -3 - p. Suppose -2*j = -i*k + 567, -2*k - 5*j = -0*k - 397. Is k composite?
False
Let s(x) = -2*x**2 + 2*x + 1. Let a be s(-1). Is (-4 - a - 1)*(-1082)/4 prime?
True
Is 1 - 345*5/(30/(-12)) a composite number?
False
Suppose 41*s - 24741 = 32*s. Is s prime?
True
Let c(n) = -21*n - 30*n - 15 - 7*n. Let h be c(-11). Suppose -h = -4*w - g, -5*w = -2*g - 2*g - 763. Is w composite?
True
Suppose 12676 = 4*z - 15076. Suppose -7*k + z + 2589 = 0. Is k a prime number?
True
Let n = -4375 + 13026. Is n composite?
True
Let h(a) = -2*a - 1. Let z be h(2). Let n(w) = w**3 + 4*w**2 - 5*w - 1. Let f be n(z). Is 2/(-3 + f)*-326 prime?
True
Suppose -5*n - 8540 - 1780 = -l, -5*n = -5*l + 51580. Is l composite?
True
Let s(h) = 5*h + 29. Let v be s(-5). Let z(p) = -112*p - 2. Let b(w) = -37*w - 1. Let k(x) = -7*b(x) + 2*z(x). Is k(v) a prime number?
False
Let x(c) = -224*c + 33. Suppose 60 = -5*r - 0*r. Is x(r) a composite number?
True
Let c be 5 - ((1 - -2) + 1 + -2). Is (c/(-6))/((6/(-27116))/3) prime?
True
Let b(l) = -180*l + 107. Is b(-3) a composite number?
False
Suppose 0 = 18*b - 10*b - 33416. Is b prime?
True
Let t be (-1)/(-2)*(-4)/(-1). Is t/4 + 6/4 + 209 a prime number?
True
Let p be (728/(-6))/((-2)/(-18)). Let x = p - -4437. Suppose 0 = 5*a + 3*c - c - x, -5*c = -3*a + 2038. Is a prime?
False
Let g be (-141)/(-18) - (-1)/6. Suppose 3*m + 1 = v + g, v - 14 = -4*m. Suppose -5*d = 4*x - 1346, 158 + 512 = v*x + 4*d. Is x prime?
False
Let o(d) = -d**3 + 6*d**2 + 2*d. Let f be o(6). Let n be 26/6 + 8/f. Suppose -n*u + 31 = -4. Is u a prime number?
True
Let h be (-4 - 35/(-10))*-11348. Let v = h - 3872. Let i = v + -651. Is i a prime number?
True
Let s(m) = 1327*m**2 - 14*m - 2. Is s(5) a composite number?
True
Let g be -4*6/96 - 1333/(-4). Suppose 17*l = g + 5974. Is l composite?
True
Let y(l) = 8*l**3 - 3*l**2 - 14*l - 22. Is y(11) composite?
True
Let z(w) = w**3 + 5*w**2 + w - 3. Let t be z(-3). Let l = t + 0. Suppose -203 + l = -c. Is c prime?
True
Let m(r) = 2*r + 2. Let t be m(-7). Let a be ((-3)/t)/(2/(-8)). Is a/(-5) + (-614)/(-5) composite?
True
Let j(i) = -3775*i + 272. Is j(-3) a prime number?
True
Let y be -1 + (-1920)/(1 - 5). Let g = y - 324. Let t = g - 86. Is t composite?
True
Let p = -862 - -1881. Let n = p - 433. Let j = -375 + n. Is j composite?
False
Suppose -9*j + 35243 = -69994. Is j prime?
False
Suppose 3*x = 2*j - 16, 34 - 4 = 4*j - 5*x. Suppose -a = 2*a + 12, 3*a - 2593 = -j*h. Is h a composite number?
False
Let z(h) be the third derivative of 13*h**4/24 + 17*h**3/6 - 9*h**2. Is z(8) prime?
False
Let m be -21*(-2)/6*1. Suppose m*x = 4*x. Is (x/(-1) - 4) + 59 a composite number?
True
Let m(t) = -450*t + 167. Is m(-36) a prime number?
False
Let c(t) = 7*t + 1. Let z be c(-1). Let d = z + 11. Let q(b) = b**2 - b + 3. Is q(d) prime?
True
Suppose 2965 = 7*n - 5547. Let z = n - 813. Is z prime?
False
Let n(m) = 24*m + 181. Is n(49) a composite number?
True
Suppose 4*c - 20 = 0, 4*d + 0*c + c - 181 = 0. Suppose d*k = 40*k + 1940. Is k prime?
False
Let i(b) = 17*b - 15. Let j(u) = 16*u - 16. Let m(w) = -5*i(w) + 6*j(w). Is m(16) composite?
True
Let v = -21891 + 30752. Is v a prime number?
True
Suppose 3 - 15 = 3*w - 4*o, -2*w + 3*o - 7 = 0. Let g be (0 - -12)*4/w. Let j = 53 - g. Is j prime?
True
Is 3*(12 + (-204095)/(-15)) a prime number?
False
Is 1574/(-2)*(-2)/(-2 + 4) prime?
True
Let p be 24/(-5 - -9) + 0/1. Let w = 1 + -1. Suppose w = -p*b + 4*b + 290. Is b prime?
False
Suppose 0 = -3*m - 3*y - 0*y + 933, 4 = 2*y. Is m a prime number?
False
Let q(w) = 3722*w**3 - w + 1. Is q(1) a composite number?
True
Suppose l - 22 + 25 = 0. Is l + 2 + 0 - -290 composite?
True
Suppose 4*x - 33 - 103 = -3*f, 5*f - 102 = -3*x. Suppose 3*o + 29 = 4*z, 4*o + x = -z + 4*z. Let m = o + 62. Is m a composite number?
True
Let a(p) = p**2 - 5*p + 6. Let j be a(4). Suppose -4 = -2*s + j. Suppose -7*x + s*x = -268. Is x prime?
True
Let j(q) = 15*q**2 - 3*q + 19. Let f(z) = 14*z**2 - 4*z + 19. Let o(l) = 5*f(l) - 4*j(l). Is o(6) composite?
False
Let x(i) = 3*i**2 + i - 17. Let k = -40 - -33. Is x(k) a composite number?
True
Let p(k) = 15*k**2 + 2*k -